he remainder when 7134781 is divided by 35.
31
Calculate the remainder when 186385 is divided by 218.
213
Calculate the remainder when 59107 is divided by 4216.
83
What is the remainder when 2038850 is divided by 119929?
57
What is the remainder when 47054 is divided by 15626?
176
Calculate the remainder when 1214623 is divided by 435.
103
What is the remainder when 3161454 is divided by 117090?
24
What is the remainder when 44121 is divided by 2940?
21
What is the remainder when 41136 is divided by 1466?
88
What is the remainder when 7116718 is divided by 260?
258
Calculate the remainder when 64056 is divided by 53.
32
What is the remainder when 10743740 is divided by 490?
0
What is the remainder when 211027 is divided by 12017?
6738
Calculate the remainder when 19776 is divided by 3637.
1591
Calculate the remainder when 37596916 is divided by 82.
80
What is the remainder when 97616220 is divided by 18?
6
Calculate the remainder when 13245 is divided by 30.
15
What is the remainder when 1001251 is divided by 822?
55
What is the remainder when 133455025 is divided by 4889?
4881
What is the remainder when 885114 is divided by 1505?
174
What is the remainder when 7824 is divided by 1229?
450
Calculate the remainder when 6130034 is divided by 115661.
1
What is the remainder when 54981 is divided by 624?
69
Calculate the remainder when 52948 is divided by 10459.
653
Calculate the remainder when 40200777 is divided by 460.
457
What is the remainder when 2208563 is divided by 15127?
21
Calculate the remainder when 6660005 is divided by 219.
215
Calculate the remainder when 7014322 is divided by 80.
2
What is the remainder when 4469127 is divided by 23899?
14
Calculate the remainder when 78905 is divided by 26288.
41
What is the remainder when 2141936 is divided by 41?
14
What is the remainder when 651488 is divided by 2018?
1692
What is the remainder when 74330 is divided by 11957?
2588
Calculate the remainder when 197339 is divided by 8963.
153
What is the remainder when 44657 is divided by 11125?
157
Calculate the remainder when 5288596 is divided by 3802.
14
Calculate the remainder when 2685344 is divided by 537046.
114
What is the remainder when 132511853 is divided by 35?
33
Calculate the remainder when 53358 is divided by 1721.
7
What is the remainder when 1348556 is divided by 224757?
14
Calculate the remainder when 134398 is divided by 20.
18
Calculate the remainder when 96577 is divided by 750.
577
What is the remainder when 4094242 is divided by 3649?
64
Calculate the remainder when 43504823 is divided by 11.
10
What is the remainder when 12686048 is divided by 673?
671
Calculate the remainder when 768503 is divided by 55.
43
What is the remainder when 333682 is divided by 91?
76
What is the remainder when 2509 is divided by 44?
1
What is the remainder when 340649316 is divided by 1640?
1636
Calculate the remainder when 3813244 is divided by 582.
562
What is the remainder when 874108 is divided by 179?
51
What is the remainder when 393364 is divided by 5540?
24
Calculate the remainder when 796038 is divided by 16.
6
What is the remainder when 6955383 is divided by 1701?
1695
What is the remainder when 8621497 is divided by 2873810?
67
Calculate the remainder when 2300984 is divided by 916.
908
Calculate the remainder when 5872 is divided by 1831.
379
What is the remainder when 1911560 is divided by 54615?
35
What is the remainder when 54814 is divided by 18160?
334
What is the remainder when 100746 is divided by 2025?
1521
What is the remainder when 1132535 is divided by 396?
371
What is the remainder when 1809302 is divided by 90465?
2
What is the remainder when 434523 is divided by 6387?
207
Calculate the remainder when 37834266 is divided by 232112.
10
Calculate the remainder when 68233 is divided by 22711.
100
Calculate the remainder when 971741 is divided by 242928.
29
What is the remainder when 751241 is divided by 19484?
10849
What is the remainder when 560117 is divided by 179?
26
Calculate the remainder when 31702 is divided by 1395.
1012
Calculate the remainder when 9160434 is divided by 15.
9
What is the remainder when 1483148 is divided by 166?
104
Calculate the remainder when 16631715 is divided by 6512.
67
What is the remainder when 16366 is divided by 728?
350
Calculate the remainder when 1758062 is divided by 45.
2
What is the remainder when 81772582 is divided by 237?
235
Calculate the remainder when 2300693 is divided by 726.
725
Calculate the remainder when 128550881 is divided by 42850288.
17
What is the remainder when 13101580 is divided by 209?
206
Calculate the remainder when 6729713 is divided by 193.
189
What is the remainder when 91676350 is divided by 161402?
14
What is the remainder when 321120 is divided by 5351?
60
What is the remainder when 391332 is divided by 1738?
282
What is the remainder when 10126255 is divided by 5063119?
17
What is the remainder when 278867 is divided by 278855?
12
Calculate the remainder when 1012442 is divided by 54.
50
What is the remainder when 8190866 is divided by 4069?
4038
What is the remainder when 19384 is divided by 866?
332
Calculate the remainder when 736807 is divided by 1002.
337
What is the remainder when 30676867 is divided by 3067686?
7
Calculate the remainder when 1066867 is divided by 59.
29
What is the remainder when 1630285 is divided by 8716?
393
Calculate the remainder when 14170442 is divided by 103.
11
Calculate the remainder when 77416502 is divided by 7631.
7
What is the remainder when 512273 is divided by 9314?
3
What is the remainder when 3615906 is divided by 106349?
40
What is the remainder when 496909 is divided by 3932?
1477
Calculate the remainder when 905584 is divided by 32.
16
What is the remainder when 1389239 is divided by 4098?
17
What is the remainder when 568322 is divided by 772?
130
Calculate the remainder when 9275470 is divided by 1659.
1
Calculate the remainder when 392554 is divided by 196149.
256
Calculate the remainder when 1324876 is divided by 268.
152
What is the remainder when 13077037 is divided by 113?
112
Calculate the remainder when 148165 is divided by 73959.
247
What is the remainder when 124713 is divided by 2396?
121
What is the remainder when 19890373 is divided by 8?
5
What is the remainder when 529552 is divided by 2144?
2128
What is the remainder when 140819 is divided by 23466?
23
Calculate the remainder when 111377167 is divided by 848.
847
What is the remainder when 1626031 is divided by 76?
11
What is the remainder when 118436 is divided by 19319?
2522
What is the remainder when 6677100 is divided by 1842?
1692
What is the remainder when 696796 is divided by 69679?
6
What is the remainder when 9021855 is divided by 1489?
4
What is the remainder when 1979196 is divided by 6489?
51
Calculate the remainder when 189671 is divided by 1570.
1271
What is the remainder when 1612584 is divided by 236?
232
Calculate the remainder when 597085 is divided by 1553.
733
What is the remainder when 10213 is divided by 8491?
1722
Calculate the remainder when 608742 is divided by 314.
210
What is the remainder when 13330 is divided by 12203?
1127
Calculate the remainder when 467617 is divided by 17316.
85
What is the remainder when 901880 is divided by 49?
35
Calculate the remainder when 18825 is divided by 2918.
1317
Calculate the remainder when 131718358 is divided by 50255.
3
What is the remainder when 1414408 is divided by 353557?
180
What is the remainder when 2950410 is divided by 468?
138
Calculate the remainder when 16846 is divided by 1156.
662
What is the remainder when 311297039 is divided by 124?
123
Calculate the remainder when 1286879 is divided by 4376.
335
What is the remainder when 5959759 is divided by 632?
631
Calculate the remainder when 499383 is divided by 124800.
183
Calculate the remainder when 811635 is divided by 35282.
149
What is the remainder when 116543 is divided by 1943?
1906
Calculate the remainder when 1751609 is divided by 54.
11
What is the remainder when 6636571 is divided by 181?
25
What is the remainder when 12592215 is divided by 775?
15
What is the remainder when 22541 is divided by 2746?
573
Calculate the remainder when 1094402 is divided by 38.
2
Calculate the remainder when 584509 is d